)?
2, 3, 5
Let d = -1458 - -3498. List the prime factors of d.
2, 3, 5, 17
Let c(a) = a**2 - 2. Let y be c(2). Suppose 977*r = 842*r + 270. Suppose -1 = 2*s - 3, -r*h + y*s + 362 = 0. What are the prime factors of h?
2, 7, 13
Suppose 3*o + 0*o + 540 = 0. Let y = -203 + 95. Let c = y - o. List the prime factors of c.
2, 3
Let g(d) = -52*d**3 + d**2 + d + 14. Let k be g(-4). Suppose k = 3*x + 23*x. What are the prime factors of x?
3, 43
Suppose 389*v - 394*v = 0. Let f be (20/(-6))/((-10)/15). Suppose v = -f*d + 186 + 154. List the prime factors of d.
2, 17
Suppose 7 = 5*y - 63. Let n = 17 - y. Suppose 305 = 2*m + n*m. List the prime factors of m.
61
Let m = -3862 + 6483. What are the prime factors of m?
2621
Let b(k) = 3*k - 30. Let m be b(10). Suppose m = -43*o + 7832 + 29105. List the prime factors of o.
859
Let t be 0 + -1 - (10 - 4835). Suppose -t = 14*k - 26*k. List the prime factors of k.
2, 3, 67
Suppose 0 = 5*p + 2*o + 60, 12*o + 24 = -2*p + 17*o. Suppose 234 = -5*s - 16. Let c = p - s. List the prime factors of c.
2, 19
Let u(l) = -l**3 + 25*l**2 + 3*l + 131. Let s be u(17). Suppose 17*p - s = 4544. What are the prime factors of p?
2, 3, 23
Let t(d) = 5*d**3 + d**2 - 16*d + 8984. What are the prime factors of t(0)?
2, 1123
Let w(f) be the second derivative of 5*f**4/4 - f**3/2 + 13*f**2 + 129*f. What are the prime factors of w(-10)?
2, 389
Suppose -6030 = 3*f + m, -f - 3*m - 2018 = -0*f. Let r = -1128 - f. List the prime factors of r.
881
What are the prime factors of 188878/3 + (-306)/27 + 12?
2, 5, 787
Let x = -10 - -56. Suppose -3*f + x - 1 = 0. Let h(w) = w**2 - 7*w - 30. What are the prime factors of h(f)?
2, 3, 5
Let j(i) = 192*i - 10. Let r be j(-6). Let z = 1838 + r. Suppose -4*v = -q + 164, -4*q = 9*v - 5*v - z. What are the prime factors of q?
2, 3, 7
Let p be (6 - (-5 - -5))/(-2). Let o be (-18)/(-3) + 4 + p. Suppose 9*v + 387 = 3*u + o*v, -3*v = -2*u + 258. What are the prime factors of u?
3, 43
Suppose -5*c + c = i + 11, -3*c + i = 17. Let f be (-3)/(484/2808 - c/(-26)). Let a = f + 242. What are the prime factors of a?
2, 5
Suppose -8*d + 71 - 23 = 0. Let q(v) = 2*v + 19 + 4*v - v. What are the prime factors of q(d)?
7
Let s = -273 + 169. Let g be (-4)/(-2*(-3)/78). Let h = g - s. What are the prime factors of h?
2, 13
What are the prime factors of (-15)/(-5) - (-850684 + 4)/17?
3, 7, 2383
Suppose -1108163 - 108199 = -275*v + 3316188. List the prime factors of v.
2, 3, 41, 67
What are the prime factors of 153669/(-362)*(-2 - (-124)/(-6))?
2, 17, 283
Let c(o) = -2486*o + 230. What are the prime factors of c(-2)?
2, 3, 17
Let t(u) = 680*u**2 + 322*u - 9. List the prime factors of t(-7).
13, 2389
Let j = 338 + -332. List the prime factors of (-459)/j*(5 + -7).
3, 17
Suppose 66*h + 42*h - 3535095 - 2158449 = 0. What are the prime factors of h?
2, 43, 613
Let d be (((-644)/(-16))/(-7))/((-12)/(-1104)). Let l = 1360 + d. What are the prime factors of l?
3, 277
Suppose 13*c - 4090 = 66630. Let y = -3649 + c. List the prime factors of y.
3, 199
Let i(l) = -500*l + 38. Let v be i(-7). Suppose -4502 + 965 = -3*b - 3*t, 3*b = -4*t + v. List the prime factors of b.
2, 19, 31
Suppose 2*m + n - 55 = 0, 4*m - 2*n - 66 - 32 = 0. Suppose 0 = 12*p - m*p + 2772. What are the prime factors of p?
2, 3, 11
Let m = -2011 + 3727. List the prime factors of m.
2, 3, 11, 13
Suppose 0*u = -54*u - 99*u + 5489793. List the prime factors of u.
53, 677
Suppose 24*u + 36*u = -4*u + 569088. What are the prime factors of u?
2, 3, 13, 19
Suppose 5*y = 0, 0*f - 153444 = -4*f - 64*y + 62*y. What are the prime factors of f?
3, 19, 673
Let d(p) = 12*p**3 + 4*p - 2. Let n be (2/(-4))/((-2)/8). Let q be d(n). Suppose -q = 3*y - 351. What are the prime factors of y?
83
Let f(x) = 3*x - 37. Let w(l) = 4*l**2 + 2*l + 1. Let c be w(-2). Let o be f(c). Suppose z - 4*q = -0*q + 158, -140 = -z - o*q. List the prime factors of z.
2, 73
Suppose 314185 = 86*u - 55*u. List the prime factors of u.
5, 2027
Suppose -4*f + 9*f + 3*b - 16 = 0, 0 = -2*f + 2*b. List the prime factors of ((70/(-15))/14)/(f/(-654)).
109
Suppose 12*u + 10*u + 11308 = 0. List the prime factors of 16/(-40)*(u - 1).
2, 103
Suppose 56573 = -6407*w + 6418*w. List the prime factors of w.
37, 139
Let y be 7/(4 - -3)*16/(-2). Let f be (-610)/y + (-3)/(-12)*-1. Suppose -36*t + 34*t + f = 0. What are the prime factors of t?
2, 19
Let x = -267 + 286. Suppose 13*l = x*l - 1662. List the prime factors of l.
277
Suppose -2*w = -f - 12169, 3*w - f - 18982 + 728 = 0. List the prime factors of w.
5, 1217
Let q = 41897 - 28605. What are the prime factors of q?
2, 3323
Suppose 0 = 122*o - 96*o - 277472. List the prime factors of o.
2, 23, 29
Suppose -v + 35 = 3*j, 33 + 6 = 3*j - 3*v. Let n be 2/(-6) + (5 - (-2128)/j). Suppose 5*z - n = -2. What are the prime factors of z?
2, 3
Let j = 265 + -265. Suppose j = -7*a + 6335 + 819. List the prime factors of a.
2, 7, 73
Suppose 0 = -18*z + 6655 - 1543. Suppose z*o - 280*o = 3956. List the prime factors of o.
23, 43
Let g be 72/2*2613/78. Suppose 2*r - i - 819 = -10, 3*i = 3*r - g. List the prime factors of r.
11, 37
Suppose -h + 0*h = 3, -2*h = -2*p - 796. Let f = -178 - p. Let j = 320 - f. List the prime factors of j.
97
Let y = -6751 + 10011. What are the prime factors of y?
2, 5, 163
What are the prime factors of 1839292/322 - (-6)/(-69)?
2, 3, 7, 17
Let o(u) be the first derivative of u**6/360 + u**5/40 - 13*u**4/24 + 3*u**3 - 21. Let n(q) be the third derivative of o(q). What are the prime factors of n(9)?
5, 19
Suppose l - 4 = 5*l. Let h be 1*3 + (-4 - l). Suppose h*b + 165 = 4*p - 5*b, -5*b = -2*p + 75. What are the prime factors of p?
3, 5
Let h(x) = 235*x - 2783. What are the prime factors of h(40)?
13, 509
Suppose 42*y + 1968 = 36*y. Let q = y - -623. What are the prime factors of q?
5, 59
Let n be (-4 + 5)/(5/2 - 2). What are the prime factors of (8/(-30))/n + 26048/60?
2, 7, 31
Let o = -5972 + 9422. List the prime factors of o.
2, 3, 5, 23
Let f(b) be the third derivative of 11*b**6/15 - b**5/60 + b**3/3 + 16*b**2. Let n be (0 - 1) + 0 + (-1 - -3). List the prime factors of f(n).
89
Suppose -x - 10 = 90. Suppose 0 = -2*u - 3*u + 765. Let g = x + u. List the prime factors of g.
53
Suppose -f = 3*m + 2*f - 7248, 5*m - 2*f - 12094 = 0. Suppose m - 21969 = -21*r. What are the prime factors of r?
7, 19
Suppose -3*y + 2*k + 12952 = 0, -468*y + 467*y - 4*k = -4350. List the prime factors of y.
2, 2161
Let y(m) = 4586*m + 2302. List the prime factors of y(9).
2, 13, 419
Let d = 367 + -642. Let x = 405 + d. List the prime factors of x.
2, 5, 13
Suppose 19*n = 18*n, -3*k = -3*n + 504. Let f = k - -221. List the prime factors of f.
53
Let a be 3/2 - -1*39/(-2). What are the prime factors of 138 - a - (1 - 2)*0?
2, 3, 13
Let w(p) = p**3 + 4*p**2 + 5*p. Let n be w(-3). Let g be (-2924)/n - 17/(204/(-8)). Let y = g + -180. What are the prime factors of y?
2, 7, 11
Let x = -6975 + 15805. What are the prime factors of x?
2, 5, 883
Suppose -5*t - 4*f + 2 = 0, 4*t - 4 = 5*t + 3*f. Suppose -n = t*o - o - 5, 0 = 4*n + 2*o - 20. Let m = n - -126. List the prime factors of m.
131
Let s = -44688 + 84450. List the prime factors of s.
2, 3, 47
Let i(h) = -44*h**3 + 21*h**2 + 69*h. List the prime factors of i(-3).
2, 3, 5, 13
Let t(u) = -u**3 - 4*u**2 - 5*u. Let i be t(-2). Suppose -3*d - i*d = 50. Let j(a) = -a**2 - 20*a - 6. What are the prime factors of j(d)?
2, 47
Let g = -7953 + 24462. What are the prime factors of g?
3, 5503
Suppose 0 = -21*g + 136138 + 144653. What are the prime factors of g?
3, 4457
Suppose 6*p - 192 = 42. Suppose -y + p = -50. What are the prime factors of 2*y*3/6?
89
Suppose -6*u + 18 = -24. Suppose 5*x + 3*n = u*n + 1141, 2*n - 460 = -2*x. What are the prime factors of x?
229
Let c = 28435 - -4768. What are the prime factors of c?
33203
Let q be (-3 - -4)/((-136887)/27378 - -5). List the prime factors of (1 - q/(-22)) + (-8)/(-44).
2, 13
Suppose 8*s - 190 = 3*s. Let l(n) = 2*n - s - 37 + 72. List the prime factors of l(8).
13
Suppose -t = -91 + 21. Suppose -t*g = -71*g + 5. Suppose z - 38 = d + 57, 371 = 4*z + g*d. List the prime factors of z.
2, 47
Let o be (6/12)/((-2)/20*-1). Suppose 5*t - 140 = -o*s, -s = -0*s - t - 32. Suppose 10*j - 70 - s = 0. What 